
9
What is the units digit of 3515?
5
What is the tens digit of 1830?
3
What is the hundreds digit of 14592?
5
What is the ten thousands digit of 57802?
5
What is the hundreds digit of 11873?
8
What is the thousands digit of 80537?
0
What is the ten thousands digit of 44022?
4
What is the ten thousands digit of 18954?
1
What is the hundreds digit of 45816?
8
What is the tens digit of 822?
2
What is the thousands digit of 2016?
2
What is the ten thousands digit of 72590?
7
What is the tens digit of 428?
2
What is the units digit of 386?
6
What is the units digit of 36489?
9
What is the ten thousands digit of 10529?
1
What is the ten thousands digit of 86980?
8
What is the ten thousands digit of 18927?
1
What is the thousands digit of 46025?
6
What is the tens digit of 32415?
1
What is the units digit of 90955?
5
What is the tens digit of 91265?
6
What is the hundreds digit of 2300?
3
What is the tens digit of 4184?
8
What is the hundreds digit of 240?
2
What is the hundreds digit of 7652?
6
What is the hundreds digit of 5500?
5
What is the tens digit of 551?
5
What is the tens digit of 40714?
1
What is the hundreds digit of 7737?
7
What is the hundreds digit of 199?
1
What is the hundreds digit of 258?
2
What is the hundreds digit of 5011?
0
What is the units digit of 443?
3
What is the units digit of 3035?
5
What is the thousands digit of 1998?
1
What is the tens digit of 13228?
2
What is the tens digit of 125371?
7
What is the ten thousands digit of 22644?
2
What is the units digit of 4639?
9
What is the thousands digit of 3228?
3
What is the tens digit of 50714?
1
What is the ten thousands digit of 78104?
7
What is the hundreds digit of 728?
7
What is the units digit of 753?
3
What is the hundreds digit of 19119?
1
What is the units digit of 6451?
1
What is the ten thousands digit of 13421?
1
What is the units digit of 1978?
8
What is the ten thousands digit of 87433?
8
What is the thousands digit of 1693?
1
What is the units digit of 10655?
5
What is the hundreds digit of 54754?
7
What is the tens digit of 1435?
3
What is the tens digit of 23760?
6
What is the units digit of 7512?
2
What is the hundreds digit of 57539?
5
What is the ten thousands digit of 49518?
4
What is the units digit of 687?
7
What is the thousands digit of 3236?
3
What is the thousands digit of 2936?
2
What is the tens digit of 22239?
3
What is the thousands digit of 12060?
2
What is the tens digit of 7609?
0
What is the units digit of 2652?
2
What is the hundreds digit of 41121?
1
What is the thousands digit of 2679?
2
What is the thousands digit of 99154?
9
What is the tens digit of 219?
1
What is the hundreds digit of 1802?
8
What is the thousands digit of 1343?
1
What is the tens digit of 1097?
9
What is the units digit of 582?
2
What is the units digit of 1452?
2
What is the thousands digit of 2919?
2
What is the thousands digit of 44662?
4
What is the units digit of 44?
4
What is the hundreds digit of 8583?
5
What is the thousands digit of 2290?
2
What is the ten thousands digit of 50221?
5
What is the tens digit of 937?
3
What is the thousands digit of 10962?
0
What is the ten thousands digit of 80191?
8
What is the units digit of 751?
1
What is the thousands digit of 5763?
5
What is the tens digit of 388?
8
What is the ten thousands digit of 168070?
6
What is the units digit of 7178?
8
What is the hundreds digit of 849?
8
What is the tens digit of 26152?
5
What is the units digit of 53689?
9
What is the hundreds digit of 4900?
9
What is the tens digit of 20355?
5
What is the units digit of 107814?
4
What is the units digit of 1283?
3
What is the units digit of 5207?
7
What is the units digit of 58315?
5
What is the units digit of 15600?
0
What is the tens digit of 2642?
4
What is the tens digit of 28542?
4
What is the units digit of 975?
5
What is the units digit of 21968?
8
What is the tens digit of 514?
1
What is the tens digit of 9929?
2
What is the units digit of 29144?
4
What is the tens digit of 1784?
8
What is the ten thousands digit of 107903?
0
What is the units digit of 854?
4
What is the units digit of 648?
8
What is the tens digit of 66162?
6
What is the hundreds digit of 196?
1
What is the ten thousands digit of 41258?
4
What is the units digit of 9468?
8
What is the ten thousands digit of 91885?
9
What is the tens digit of 890?
9
What is the tens digit of 286?
8
What is the thousands digit of 1336?
1
What is the thousands digit of 1207?
1
What is the hundreds digit of 153?
1
What is the hundreds digit of 3673?
6
What is the units digit of 6453?
3
What is the thousands digit of 1016?
1
What is the units digit of 57789?
9
What is the tens digit of 5738?
3
What is the tens digit of 98469?
6
What is the thousands digit of 6348?
6
What is the hundreds digit of 502?
5
What is the hundreds digit of 1708?
7
What is the units digit of 3926?
6
What is the hundreds digit of 1608?
6
What is the units digit of 55575?
5
What is the hundreds digit of 2399?
3
What is the ten thousands digit of 45122?
4
What is the tens digit of 213?
1
What is the tens digit of 3102?
0
What is the hundreds digit of 808?
8
What is the tens digit of 773?
7
What is the units digit of 8957?
7
What is the units digit of 688?
8
What is the thousands digit of 57549?
7
What is the units digit of 7711?
1
What is the hundreds digit of 843?
8
What is the tens digit of 58430?
3
What is the units digit of 5211?
1
What is the tens digit of 3540?
4
What is the tens digit of 14423?
2
What is the units digit of 229?
9
What is the hundreds digit of 1104?
1
What is the tens digit of 7798?
9
What is the thousands digit of 12913?
2
What is the tens digit of 10224?
2
What is the thousands digit of 16213?
6
What is the hundreds digit of 4581?
5
What is the hundreds digit of 3817?
8
What is the tens digit of 51488?
8
What is the units digit of 3532?
2
What is the hundreds digit of 734?
7
What is the ten thousands digit of 35548?
3
What is the units digit of 37?
7
What is the tens digit of 2626?
2
What is the hundreds digit of 1761?
7
What is the hundreds digit of 942?
9
What is the tens digit of 1066?
6
What is the units digit of 27864?
4
What is the thousands digit of 28322?
8
What is the tens digit of 22824?
2
What is the ten thousands digit of 13060?
1
What is the tens digit of 1588?
8
What is the thousands digit of 6801?
6
What is the units digit of 124645?
5
What is the units digit of 857?
7
What is the hundreds digit of 30498?
4
What is the hundreds digit of 4703?
7
What is the units digit of 69405?
5
What is the hundreds digit of 503?
5
What is the thousands digit of 8778?
8
What is the tens digit of 2464?
6
What is the units digit of 6844?
4
What is the tens digit of 690?
9
What is the hundreds digit of 382?
3
What is the units digit of 27903?
3
What is the thousands digit of 3315?
3
What is the tens digit of 358?
5
What is the hundreds digit of 4586?
5
What is the hundreds digit of 5796?
7
What is the tens digit of 44881?
8
What is the units digit of 1264?
4
What is the thousands digit of 18105?
8
What is the units digit of 12896?
6
What is the tens digit of 1626?
2
What is the thousands digit of 21541?
1
What is the hundreds digit of 76928?
9
What is the thousands digit of 6291?
6
What is the units digit of 112980?
0
What is the tens digit of 2475?
7
What is the hundreds digit of 39553?
5
What is the tens digit of 2425?
2
What is the units digit of 30623?
3
What is the thousands digit of 41895?
1
What is the units digit of 6501?
1
What is the tens digit of 2020?
2
What is the hundreds digit of 1802?
8
What is the units digit of 2205?
5
What is the tens digit of 670?
7
What is the thousands digit of 8932?
8
What is the tens digit of 2444?
4
What is the hundreds digit of 314?
3
What is the hundreds digit of 40063?
0
What is the tens digit of 135?
3
What is the thousands digit of 19525?
9
What is the ten thousands digit of 118652?
1
What is the units digit of 3872?
2
What is the tens digit of 694?
9
What is the hundreds digit of 33267?
2
What is the tens digit of 4157?
5
What is the tens digit of 18567?
6
What is the hundreds digit of 540?
5
What is the thousands digit of 10671?
0
What is the hundreds digit of 35703?
7
What is the units digit of 6461?
1
What is the tens digit of 1380?
8
What 